me factors of ((-698)/t)/((-3)/(-6)).
349
Let s(k) = 873*k + 4. Let m be s(3). Suppose -m - 1757 = -10*o. List the prime factors of o.
2, 3, 73
List the prime factors of ((-14812)/(-30) + (-8)/20)/((-110)/(-330)).
2, 5, 37
Let v be ((-21)/5)/(6/(-20)). Suppose -v*b + 143 = -b. Let i(n) = 17*n - 14. What are the prime factors of i(b)?
173
Suppose 4*w - 1704 = 3*m, -11*m + 19*m = 7*m. What are the prime factors of w?
2, 3, 71
Let x = -11137 - -19657. List the prime factors of x.
2, 3, 5, 71
Let d(w) = 42*w + 68. Let j be d(12). Suppose -717 = -4*y + r + j, -3*y = -2*r - 963. What are the prime factors of y?
17, 19
Let c be 8/(-20) + (-4)/(-10). Suppose -14*r + 20*r - 3054 = c. List the prime factors of r.
509
Let g = -13 - -645. Let n = g + -136. List the prime factors of n.
2, 31
Let p(g) = -g**2 + 9*g - 15. Suppose 4*x = 2*o - 2 - 16, -5*x = -20. Let s be p(o). Let l = s + 264. What are the prime factors of l?
113
Let h(t) = -600*t + 10616. What are the prime factors of h(0)?
2, 1327
Let y(g) = 21*g**2 + g + 2. Let h be y(-1). Let m be (-24)/(-11) - 4/h. Suppose -a - 25 = -4*d + m*d, 3*a - 15 = 0. What are the prime factors of d?
3, 5
Let p(w) = 2*w**3 + 93*w**2 + 10*w - 393. What are the prime factors of p(-42)?
3, 5021
Let l(w) = 454*w - 1095. List the prime factors of l(24).
3, 11
Let k = 87 - 83. Suppose 4*c - k*r = -c + 1355, -260 = -c + 3*r. List the prime factors of c.
5, 11
Suppose 359*u = 355*u - 24. What are the prime factors of (40/u)/(6 - (-1804)/(-300))?
2, 5
List the prime factors of (2/(-5))/((-76)/451060).
2, 1187
Let f = -718 - -674. Let o be (-1)/(-4) - (-2164)/(-16). Let p = f - o. List the prime factors of p.
7, 13
Suppose -8*y = 18*y - 104. Suppose -3*m + 7*m = -4*x + 3960, -3*m + y*x + 3005 = 0. What are the prime factors of m?
5, 199
Let l(n) = 211*n**3 - 2*n**2 + 46*n - 206. List the prime factors of l(4).
2, 5, 269
Suppose -14*t + 16*t + 10 = 0. Let q(g) = g**3 + 6*g**2 + 5*g. Let k be q(t). Suppose 10 = -2*a, 0 = 3*f - k*a - 3*a - 885. What are the prime factors of f?
2, 5, 29
Let a = 43 - 43. Suppose a = 3*n + 6*n - 1161. Suppose 5*s + 4 = n. List the prime factors of s.
5
Suppose -42*z = -40997 - 7765. Suppose h + 8 = 2*o - 4*h, -4*o + 2*h = 0. List the prime factors of z/(-108)*(-19 + o).
5, 43
Suppose -11*v - 20*v + 62 = 0. Suppose v*b = 0, -3*j + 5*b - 84 = -2583. List the prime factors of j.
7, 17
Suppose l = -n - 2*l + 11, -3*n - 2*l + 12 = 0. Suppose 4*t - 4*q + 1594 = 5*t, -1592 = -t - n*q. Suppose 0 = -12*y + 6*y + t. List the prime factors of y.
5, 53
Let a(i) = i**3 + 4*i**2 + 4*i + 2. Let w be a(-3). Let u(o) = -2*o + 37. Let b be u(17). What are the prime factors of ((310/15)/(-2))/(w/b)?
31
Let r = 20849 - -7847. What are the prime factors of r?
2, 17, 211
Suppose -80*v - 42*v = 38*v - 6516480. List the prime factors of v.
2, 3, 1697
List the prime factors of (-1*(-12)/24)/((-2 + -1)/(-35664)).
2, 743
Suppose 8973450 = 91*w + 59*w. List the prime factors of w.
3, 17, 23
What are the prime factors of 25/10 - (-2702007)/42?
2, 4021
Let y(v) = -5*v + 17. Let z be y(2). Suppose -z*x + 3*x + p = -1571, x + 3*p = 383. What are the prime factors of x?
2, 7
Let d(r) = 116*r**2 + 29*r - 6. Let q be d(-6). Suppose -23*y = -17*y - q. What are the prime factors of y?
2, 3, 37
Let h = -329 - -568. Suppose 209 = 7*r - h. List the prime factors of r.
2
Suppose -3*j + 5263 = 4*h, -5*h + 2*j + 1868 + 4682 = 0. What are the prime factors of h?
2, 41
Let t = -30 + 33. Suppose 4*a - 1617 = -t*a. Suppose 265 = 8*z - a. List the prime factors of z.
2, 31
Let x be 560/308 - (0 + 4/(-22)). Suppose -2*g + b - 224 = -3*b, x*b + 112 = -g. Let w = g - -203. List the prime factors of w.
7, 13
Let x(o) = o**2 - 378*o - 451. List the prime factors of x(-88).
3, 11, 1229
Let d(h) = 10*h**2 + 43*h - 946. What are the prime factors of d(26)?
2, 1733
Suppose 6*j - 33614 = -13520. Suppose -j = -11*c + 1799. List the prime factors of c.
2, 3, 13
Suppose -2*u + 1960 = -4*f, -656 = -u + 4*f + 330. Let t = u + -62. List the prime factors of t/7 - (-6)/(-21).
2, 5, 13
Let b be (1 - (-4 + 7)) + -170. Let c = b - -246. What are the prime factors of (c - -5) + 3/1?
2, 41
Let l = 4 + -4. Let j be 11/3 - 8/12. Suppose 2*c - 48 = j*g - 2*g, 2*c + g - 56 = l. List the prime factors of c.
2, 13
Suppose 133*q + 21 = 136*q. What are the prime factors of 28 + -4 + q + 2?
3, 11
Let t(q) = 4*q**2 - 6*q + 6323. List the prime factors of t(0).
6323
Let v = -249 + 219. Let w(c) = c**3 + 30*c**2 - 5*c - 94. List the prime factors of w(v).
2, 7
Suppose -2*f = 5*s - 2867, 4*s + 6*f - 2*f - 2296 = 0. Suppose 5*o - s = -58. What are the prime factors of o?
103
Suppose -26 = 57*v - 59*v. Suppose -201 = 12*c - v*c. List the prime factors of c.
3, 67
Let a(h) = h**3 - 10*h**2 + 39*h + 43. Let k(f) = 6*f**2 + 13*f + 15. Let t be k(-2). What are the prime factors of a(t)?
7, 151
Let s(n) = -3*n**3 - 2*n**2 - 8*n + 1. Suppose 0 = 3*c - 2*p - 2 + 30, 3*c + 3*p = -3. What are the prime factors of s(c)?
5
Let a(j) = -j**3 + 4*j**2 - 3*j - 4. Let h be a(5). Let c(o) = -28*o - 19. Let t be c(-5). Let i = t + h. List the prime factors of i.
7, 11
Suppose 79855 + 141835 = 99*i - 145798. What are the prime factors of i?
2, 29
Let r = 34296 + -23279. List the prime factors of r.
23, 479
Let m(y) = 42706*y - 89. List the prime factors of m(1).
19, 2243
Suppose -2*q = -q - m - 1, 0 = -3*q - 2*m - 2. Suppose -4 = -u + 5*z - q, -5*u + 44 = -z. List the prime factors of (-2)/u - 191*(-6)/54.
3, 7
Let q be -1 + (-26)/91 + 18/14. Suppose -5*j - 5*k + k + 40 = 0, q = 3*k. Let a = j - -99. List the prime factors of a.
107
List the prime factors of (((-18)/(-15))/(88/(-715)))/((-3)/816).
2, 3, 13, 17
Let i(k) = 726*k + 78 - 381*k - 393*k. What are the prime factors of i(-10)?
2, 3, 31
Suppose 1168*o = 1159*o + 884 + 556. Suppose 23 + 27 = 5*j. List the prime factors of o + 0 - (-6 + j).
2, 3, 13
Let j(a) = -a**2 - 12*a + 15. Let z be j(-13). Suppose z + 2 = i. What are the prime factors of 12*(3 - -2 - i)?
2, 3
Let d(y) = 64*y**3 + 8*y**2 + 28*y - 8. List the prime factors of d(8).
2, 53, 79
Suppose k = 2*v + 6, 3*k - 14 = -3*v + 7*v. Suppose k*u + 8487 = 11*u. List the prime factors of u.
23, 41
Suppose -21 = -4*a - 73. Let l(j) = 3*j**2 - 10*j + 9. What are the prime factors of l(a)?
2, 17, 19
Let q(j) = -1015*j + 156. Let x be q(-4). Suppose x - 935 = 4*o - y, 2459 = 3*o + y. What are the prime factors of o?
2, 5, 41
Let d be (-5 - -9 - 298) + (-4)/1. Let g = d + 719. List the prime factors of g.
421
Let b(y) = 909*y - 85. What are the prime factors of b(10)?
5, 1801
Let v(j) = -j**2 + 29*j - 10. Suppose n = 4*d - 15, 2*n + 3*d = -2 + 5. Let q be (9/n + 0)/(3/(-20)). What are the prime factors of v(q)?
2, 5, 17
Let a(q) = -20640*q + 196. What are the prime factors of a(-1)?
2, 5209
Suppose 3*j - 12*h + 10*h - 28602 = 0, -j - 3*h + 9556 = 0. What are the prime factors of j?
2, 19, 251
Suppose 91777 + 46390 = 31*p. What are the prime factors of p?
4457
Let z(n) = 220*n**2 - 396*n - 1. What are the prime factors of z(5)?
3, 17, 23
Let i = -50 - -64. Suppose 4*m = 5*a + 80, -11*m - 60 = -i*m - a. List the prime factors of m.
2, 5
Let s be 4 + -4 - 11/((-33)/126). Let m = -23 + s. Suppose 0 = l + m - 81. What are the prime factors of l?
2, 31
Suppose 0 = 2*j + 2*j. Suppose v - 5*x - 2 = j, -3*v + 4*x - 8*x = 32. List the prime factors of 200*(-2)/v*80/50.
2, 5
Let p = -186 - -182. What are the prime factors of (-2)/p - (-2205)/14?
2, 79
Let t be (-3)/((-3)/(-2))*(-4)/8. List the prime factors of (6*t)/(248/244 + -1).
2, 3, 61
Let k(x) = x**3 + x**2 - x + 174. Let r be k(0). Let t be 4/3 + 50/30. Suppose t*j - r = 231. List the prime factors of j.
3, 5
Let i = -7793 + 13477. List the prime factors of i.
2, 7, 29
Let v(o) = 5*o**2 + 2*o - 4. Let a(l) = -1. Let p(x) = 5*a(x) - v(x). Let t be p(-1). List the prime factors of (t + -58)/((-2)/4).
2, 31
Let b = 346 - -72. Suppose 0 = -5*x + k + 9 + 5, 0 = x - 2*k - 1. Suppose t + b = x*t. List the prime factors of t.
11, 19
Suppose -24*j + 15*j = -81. Suppose -5*n = -2*u + 610, -5*u + 1555 = j*n - 14*n. List the prime factors of u.
3, 5, 7
Suppose 39807 + 51783 = 10*j. List the prime factors of j.
3, 43, 71
Suppose 2*m - 14 = 8*r - 11*r, -4*m